{"id":61,"date":"2025-10-18T22:43:17","date_gmt":"2025-10-18T20:43:17","guid":{"rendered":"https:\/\/cieplaalpaka.pl\/?page_id=61"},"modified":"2025-10-28T12:33:38","modified_gmt":"2025-10-28T11:33:38","slug":"strona-glowna","status":"publish","type":"page","link":"https:\/\/cieplaalpaka.pl\/","title":{"rendered":"Strona g\u0142\u00f3wna"},"content":{"rendered":"\t\t<div data-elementor-type=\"wp-page\" data-elementor-id=\"61\" class=\"elementor elementor-61\">\n\t\t\t\t<div class=\"elementor-element elementor-element-4cb76df4 e-flex e-con-boxed e-con e-parent\" data-id=\"4cb76df4\" data-element_type=\"container\" data-e-type=\"container\" data-settings=\"{&quot;animation&quot;:&quot;none&quot;}\">\n\t\t\t\t\t<div class=\"e-con-inner\">\n\t\t\t\t<div class=\"elementor-element elementor-element-2eddf657 elementor-widget elementor-widget-text-editor\" data-id=\"2eddf657\" data-element_type=\"widget\" data-e-type=\"widget\" data-widget_type=\"text-editor.default\">\n\t\t\t\t\t\t\t\t\t\n<figure class=\"wp-block-image size-full is-resized\"><img fetchpriority=\"high\" decoding=\"async\" width=\"1225\" height=\"306\" class=\"wp-image-14\" style=\"width: 1225px;\" src=\"https:\/\/cieplaalpaka.pl\/wp-content\/uploads\/2025\/10\/Ciepla-Alpaka-baner-nowy.jpg\" alt=\"Baner\" srcset=\"https:\/\/cieplaalpaka.pl\/wp-content\/uploads\/2025\/10\/Ciepla-Alpaka-baner-nowy.jpg 1600w, https:\/\/cieplaalpaka.pl\/wp-content\/uploads\/2025\/10\/Ciepla-Alpaka-baner-nowy-600x150.jpg 600w, https:\/\/cieplaalpaka.pl\/wp-content\/uploads\/2025\/10\/Ciepla-Alpaka-baner-nowy-300x75.jpg 300w, https:\/\/cieplaalpaka.pl\/wp-content\/uploads\/2025\/10\/Ciepla-Alpaka-baner-nowy-1024x256.jpg 1024w, https:\/\/cieplaalpaka.pl\/wp-content\/uploads\/2025\/10\/Ciepla-Alpaka-baner-nowy-768x192.jpg 768w, https:\/\/cieplaalpaka.pl\/wp-content\/uploads\/2025\/10\/Ciepla-Alpaka-baner-nowy-1536x384.jpg 1536w\" sizes=\"(max-width: 1225px) 100vw, 1225px\" \/><\/figure>\n\n<h2 class=\"wp-block-heading has-text-align-center\">Witaj w \u015bwiecie naturalnej we\u0142ny.<\/h2>\n\n<p class=\"has-text-align-center\">Ciep\u0142a Alpaka to miejsce, w kt\u00f3rym powstaj\u0105 wyj\u0105tkowe, r\u0119cznie dziergane produkty z naturalnych w\u0142\u00f3kien &#8211; alpaki, merynosa, we\u0142ny peruwia\u0144skiej. Ka\u017cdy sweter, czapka czy para skarpetek tworzona jest z dba\u0142o\u015bci\u0105 o szczeg\u00f3\u0142y, z my\u015bl\u0105 o komforcie, cieple i trwa\u0142o\u015bci, kt\u00f3re zostaj\u0105 z Tob\u0105 na d\u0142ugo. Wierz\u0119, \u017ce r\u0119kodzie\u0142o ma dusz\u0119, a naturalne w\u0142\u00f3kna nios\u0105 spok\u00f3j i ciep\u0142o, jakiego nie da si\u0119 zast\u0105pi\u0107 sztucznymi materia\u0142ami.<\/p>\n\n<p class=\"has-text-align-center\">Tworz\u0105c, kieruj\u0119 si\u0119 zasad\u0105 blisko\u015bci z natur\u0105 i poszanowaniem \u015brodowiska &#8211; dlatego wybieram tylko w\u0142\u00f3czki z odpowiedzialnych \u017ar\u00f3de\u0142.<\/p>\n\n<p class=\"has-text-align-center\">Odkryj \u015bwiat<strong> Ciep\u0142ej Alpaki <\/strong>&#8211; \u015bwiat mi\u0119kko\u015bci, prostoty i autentycznego ciep\u0142a.<\/p>\n\n<p>\u00a0<\/p>\n\t\t\t\t\t\t\t\t<\/div>\n\t\t\t\t\t<\/div>\n\t\t\t\t<\/div>\n\t\t<div class=\"elementor-element elementor-element-284ce5e e-flex e-con-boxed e-con e-parent\" data-id=\"284ce5e\" data-element_type=\"container\" data-e-type=\"container\" data-settings=\"{&quot;background_background&quot;:&quot;classic&quot;}\">\n\t\t\t\t\t<div class=\"e-con-inner\">\n\t\t<div class=\"elementor-element elementor-element-567a21a e-con-full e-flex e-con e-child\" data-id=\"567a21a\" data-element_type=\"container\" data-e-type=\"container\">\n\t\t\t\t<div class=\"elementor-element elementor-element-507e1cf elementor-widget__width-initial elementor-widget-tablet__width-initial elementor-widget elementor-widget-image\" data-id=\"507e1cf\" data-element_type=\"widget\" data-e-type=\"widget\" data-widget_type=\"image.default\">\n\t\t\t\t\t\t\t\t\t\t\t\t\t\t\t<img decoding=\"async\" width=\"768\" height=\"1024\" src=\"https:\/\/cieplaalpaka.pl\/wp-content\/uploads\/2025\/10\/IMG_2618-768x1024.jpg\" class=\"attachment-large size-large wp-image-120\" alt=\"Portret\" srcset=\"https:\/\/cieplaalpaka.pl\/wp-content\/uploads\/2025\/10\/IMG_2618-768x1024.jpg 768w, https:\/\/cieplaalpaka.pl\/wp-content\/uploads\/2025\/10\/IMG_2618-scaled-600x800.jpg 600w, https:\/\/cieplaalpaka.pl\/wp-content\/uploads\/2025\/10\/IMG_2618-225x300.jpg 225w, https:\/\/cieplaalpaka.pl\/wp-content\/uploads\/2025\/10\/IMG_2618-1152x1536.jpg 1152w, https:\/\/cieplaalpaka.pl\/wp-content\/uploads\/2025\/10\/IMG_2618-1536x2048.jpg 1536w, https:\/\/cieplaalpaka.pl\/wp-content\/uploads\/2025\/10\/IMG_2618-scaled.jpg 1920w\" sizes=\"(max-width: 768px) 100vw, 768px\" \/>\t\t\t\t\t\t\t\t\t\t\t\t\t\t\t<\/div>\n\t\t\t\t<\/div>\n\t\t<div class=\"elementor-element elementor-element-333e249 e-con-full e-flex e-con e-child\" data-id=\"333e249\" data-element_type=\"container\" data-e-type=\"container\">\n\t\t\t\t<div class=\"elementor-element elementor-element-5c63b7c elementor-widget elementor-widget-heading\" data-id=\"5c63b7c\" data-element_type=\"widget\" data-e-type=\"widget\" data-widget_type=\"heading.default\">\n\t\t\t\t\t<h2 class=\"elementor-heading-title elementor-size-default\">Z mi\u0142o\u015bci do we\u0142ny i prostoty natury<\/h2>\t\t\t\t<\/div>\n\t\t\t\t<div class=\"elementor-element elementor-element-4ddef87 elementor-widget-tablet__width-initial elementor-widget-mobile__width-initial elementor-widget elementor-widget-text-editor\" data-id=\"4ddef87\" data-element_type=\"widget\" data-e-type=\"widget\" data-widget_type=\"text-editor.default\">\n\t\t\t\t\t\t\t\t\t<p>Wybieram we\u0142n\u0119 poniewa\u017c kocham natur\u0119 i jej pi\u0119kno w najprostszej formie. Naturalne w\u0142\u00f3kna daj\u0105 ciep\u0142o, komfort i trwa\u0142o\u015b\u0107, kt\u00f3rej nie znajdziesz w sztucznych materia\u0142ach. Dziergaj\u0105c z we\u0142ny, tworz\u0119 produkty przyjazne \u015brodowisku &#8211; ekologiczne, biodegradowalne i pe\u0142ne naturalnego uroku. Ka\u017cdy kawa\u0142ek we\u0142ny opowiada histori\u0119 natury, a ja pragn\u0119 t\u0119 prostot\u0119 i autentyczno\u015b\u0107 dzieli\u0107 z innymi. To wyb\u00f3r z mi\u0142o\u015bci do natury, prostoty i \u015bwiadomego \u017cycia.<\/p>\t\t\t\t\t\t\t\t<\/div>\n\t\t\t\t<\/div>\n\t\t\t\t\t<\/div>\n\t\t\t\t<\/div>\n\t\t<div class=\"elementor-element elementor-element-2ee4826 e-flex e-con-boxed e-con e-parent\" data-id=\"2ee4826\" data-element_type=\"container\" data-e-type=\"container\">\n\t\t\t\t\t<div class=\"e-con-inner\">\n\t\t\t\t<div class=\"elementor-element elementor-element-260d238 elementor-widget elementor-widget-heading\" data-id=\"260d238\" data-element_type=\"widget\" data-e-type=\"widget\" data-widget_type=\"heading.default\">\n\t\t\t\t\t<h2 class=\"elementor-heading-title elementor-size-default\">Dlaczego warto wybra\u0107 naturaln\u0105 we\u0142n\u0119.<\/h2>\t\t\t\t<\/div>\n\t\t\t\t\t<\/div>\n\t\t\t\t<\/div>\n\t\t<div class=\"elementor-element elementor-element-454c697 e-flex e-con-boxed e-con e-parent\" data-id=\"454c697\" data-element_type=\"container\" data-e-type=\"container\">\n\t\t\t\t\t<div class=\"e-con-inner\">\n\t\t\t\t<div class=\"elementor-element elementor-element-e187a08 elementor-widget elementor-widget-text-editor\" data-id=\"e187a08\" data-element_type=\"widget\" data-e-type=\"widget\" data-widget_type=\"text-editor.default\">\n\t\t\t\t\t\t\t\t\t<p>We\u0142na to wyj\u0105tkowy dar natury &#8211; ciep\u0142a, oddychaj\u0105ca i przyjazna dla sk\u00f3ry. To materia\u0142, kt\u00f3ry wsp\u00f3\u0142pracuje z cia\u0142em, a nie przeciwko niemu. Kiedy wybierasz naturaln\u0105 we\u0142n\u0119, wybierasz komfort, trwa\u0142o\u015b\u0107 i trosk\u0119 o \u015brodowisko.<\/p>\t\t\t\t\t\t\t\t<\/div>\n\t\t\t\t\t<\/div>\n\t\t\t\t<\/div>\n\t\t<div class=\"elementor-element elementor-element-7824fbe e-grid e-con-boxed e-con e-parent\" data-id=\"7824fbe\" data-element_type=\"container\" data-e-type=\"container\" data-settings=\"{&quot;background_background&quot;:&quot;classic&quot;}\">\n\t\t\t\t\t<div class=\"e-con-inner\">\n\t\t\t\t<div class=\"elementor-element elementor-element-57eec99 elementor-widget elementor-widget-image\" data-id=\"57eec99\" data-element_type=\"widget\" data-e-type=\"widget\" data-widget_type=\"image.default\">\n\t\t\t\t\t\t\t\t\t\t\t\t\t\t\t<img decoding=\"async\" width=\"1024\" height=\"1024\" src=\"https:\/\/cieplaalpaka.pl\/wp-content\/uploads\/2025\/10\/IMG_2732-1-1024x1024.jpg\" class=\"attachment-large size-large wp-image-240\" alt=\"W\u0142\u00f3czka z bliska\" srcset=\"https:\/\/cieplaalpaka.pl\/wp-content\/uploads\/2025\/10\/IMG_2732-1-1024x1024.jpg 1024w, https:\/\/cieplaalpaka.pl\/wp-content\/uploads\/2025\/10\/IMG_2732-1-300x300.jpg 300w, https:\/\/cieplaalpaka.pl\/wp-content\/uploads\/2025\/10\/IMG_2732-1-scaled-100x100.jpg 100w, https:\/\/cieplaalpaka.pl\/wp-content\/uploads\/2025\/10\/IMG_2732-1-scaled-600x600.jpg 600w, https:\/\/cieplaalpaka.pl\/wp-content\/uploads\/2025\/10\/IMG_2732-1-150x150.jpg 150w, https:\/\/cieplaalpaka.pl\/wp-content\/uploads\/2025\/10\/IMG_2732-1-768x768.jpg 768w, https:\/\/cieplaalpaka.pl\/wp-content\/uploads\/2025\/10\/IMG_2732-1-1536x1536.jpg 1536w, https:\/\/cieplaalpaka.pl\/wp-content\/uploads\/2025\/10\/IMG_2732-1-2048x2048.jpg 2048w\" sizes=\"(max-width: 1024px) 100vw, 1024px\" \/>\t\t\t\t\t\t\t\t\t\t\t\t\t\t\t<\/div>\n\t\t\t\t<div class=\"elementor-element elementor-element-165f625 elementor-widget elementor-widget-text-editor\" data-id=\"165f625\" data-element_type=\"widget\" data-e-type=\"widget\" data-widget_type=\"text-editor.default\">\n\t\t\t\t\t\t\t\t\t<h4>Naturalna termoregulacja<\/h4>\n<p>We\u0142na oddycha. Ogrzewa, gdy jest ch\u0142odno i odprowadza wilgo\u0107, gdy jest cieplej &#8211; dzi\u0119ki temu cia\u0142o zawsze czuje si\u0119 komfortowo.<\/p>\t\t\t\t\t\t\t\t<\/div>\n\t\t\t\t\t<\/div>\n\t\t\t\t<\/div>\n\t\t<div class=\"elementor-element elementor-element-849f996 e-grid e-con-boxed e-con e-parent\" data-id=\"849f996\" data-element_type=\"container\" data-e-type=\"container\">\n\t\t\t\t\t<div class=\"e-con-inner\">\n\t\t\t\t<div class=\"elementor-element elementor-element-a543363 elementor-widget elementor-widget-image\" data-id=\"a543363\" data-element_type=\"widget\" data-e-type=\"widget\" data-widget_type=\"image.default\">\n\t\t\t\t\t\t\t\t\t\t\t\t\t\t\t<img loading=\"lazy\" decoding=\"async\" width=\"1024\" height=\"1024\" src=\"https:\/\/cieplaalpaka.pl\/wp-content\/uploads\/2025\/10\/IMG_2733-1-1024x1024.jpg\" class=\"attachment-large size-large wp-image-245\" alt=\"Motek w d\u0142oni\" srcset=\"https:\/\/cieplaalpaka.pl\/wp-content\/uploads\/2025\/10\/IMG_2733-1-1024x1024.jpg 1024w, https:\/\/cieplaalpaka.pl\/wp-content\/uploads\/2025\/10\/IMG_2733-1-300x300.jpg 300w, https:\/\/cieplaalpaka.pl\/wp-content\/uploads\/2025\/10\/IMG_2733-1-scaled-100x100.jpg 100w, https:\/\/cieplaalpaka.pl\/wp-content\/uploads\/2025\/10\/IMG_2733-1-scaled-600x600.jpg 600w, https:\/\/cieplaalpaka.pl\/wp-content\/uploads\/2025\/10\/IMG_2733-1-150x150.jpg 150w, https:\/\/cieplaalpaka.pl\/wp-content\/uploads\/2025\/10\/IMG_2733-1-768x768.jpg 768w, https:\/\/cieplaalpaka.pl\/wp-content\/uploads\/2025\/10\/IMG_2733-1-1536x1536.jpg 1536w, https:\/\/cieplaalpaka.pl\/wp-content\/uploads\/2025\/10\/IMG_2733-1-2048x2048.jpg 2048w\" sizes=\"(max-width: 1024px) 100vw, 1024px\" \/>\t\t\t\t\t\t\t\t\t\t\t\t\t\t\t<\/div>\n\t\t\t\t<div class=\"elementor-element elementor-element-190ca3d elementor-widget elementor-widget-text-editor\" data-id=\"190ca3d\" data-element_type=\"widget\" data-e-type=\"widget\" data-widget_type=\"text-editor.default\">\n\t\t\t\t\t\t\t\t\t<h4>Trwa\u0142o\u015b\u0107 i odporno\u015b\u0107<\/h4>\n<p>We\u0142niane wyroby nie odkszta\u0142caj\u0105 si\u0119 i d\u0142ugo zachowuj\u0105 form\u0119. To inwestycja na lata &#8211; nie na jeden sezon.<\/p>\t\t\t\t\t\t\t\t<\/div>\n\t\t\t\t\t<\/div>\n\t\t\t\t<\/div>\n\t\t<div class=\"elementor-element elementor-element-fbb063f e-grid e-con-boxed e-con e-parent\" data-id=\"fbb063f\" data-element_type=\"container\" data-e-type=\"container\">\n\t\t\t\t\t<div class=\"e-con-inner\">\n\t\t\t\t<div class=\"elementor-element elementor-element-1c0052a elementor-widget elementor-widget-image\" data-id=\"1c0052a\" data-element_type=\"widget\" data-e-type=\"widget\" data-widget_type=\"image.default\">\n\t\t\t\t\t\t\t\t\t\t\t\t\t\t\t<img loading=\"lazy\" decoding=\"async\" width=\"1024\" height=\"1024\" src=\"https:\/\/cieplaalpaka.pl\/wp-content\/uploads\/2025\/10\/IMG_2735-1-1024x1024.jpg\" class=\"attachment-large size-large wp-image-247\" alt=\"Skarpety zbli\u017cenie\" srcset=\"https:\/\/cieplaalpaka.pl\/wp-content\/uploads\/2025\/10\/IMG_2735-1-1024x1024.jpg 1024w, https:\/\/cieplaalpaka.pl\/wp-content\/uploads\/2025\/10\/IMG_2735-1-300x300.jpg 300w, https:\/\/cieplaalpaka.pl\/wp-content\/uploads\/2025\/10\/IMG_2735-1-scaled-100x100.jpg 100w, https:\/\/cieplaalpaka.pl\/wp-content\/uploads\/2025\/10\/IMG_2735-1-scaled-600x600.jpg 600w, https:\/\/cieplaalpaka.pl\/wp-content\/uploads\/2025\/10\/IMG_2735-1-150x150.jpg 150w, https:\/\/cieplaalpaka.pl\/wp-content\/uploads\/2025\/10\/IMG_2735-1-768x768.jpg 768w, https:\/\/cieplaalpaka.pl\/wp-content\/uploads\/2025\/10\/IMG_2735-1-1536x1536.jpg 1536w, https:\/\/cieplaalpaka.pl\/wp-content\/uploads\/2025\/10\/IMG_2735-1-2048x2048.jpg 2048w\" sizes=\"(max-width: 1024px) 100vw, 1024px\" \/>\t\t\t\t\t\t\t\t\t\t\t\t\t\t\t<\/div>\n\t\t\t\t<div class=\"elementor-element elementor-element-5f1d580 elementor-widget elementor-widget-text-editor\" data-id=\"5f1d580\" data-element_type=\"widget\" data-e-type=\"widget\" data-widget_type=\"text-editor.default\">\n\t\t\t\t\t\t\t\t\t<h4>Ekologia i biodegradowalno\u015b\u0107<\/h4>\n<p>Produkty z we\u0142ny s\u0105 w pe\u0142ni naturalne i przyjazne \u015brodowisku. Po latach u\u017cytkowania nie staj\u0105 si\u0119 odpadem, lecz wracaj\u0105 do natury.<\/p>\t\t\t\t\t\t\t\t<\/div>\n\t\t\t\t\t<\/div>\n\t\t\t\t<\/div>\n\t\t<div class=\"elementor-element elementor-element-b2dbe57 e-grid e-con-boxed e-con e-parent\" data-id=\"b2dbe57\" data-element_type=\"container\" data-e-type=\"container\">\n\t\t\t\t\t<div class=\"e-con-inner\">\n\t\t\t\t<div class=\"elementor-element elementor-element-d7099e2 elementor-widget elementor-widget-image\" data-id=\"d7099e2\" data-element_type=\"widget\" data-e-type=\"widget\" data-widget_type=\"image.default\">\n\t\t\t\t\t\t\t\t\t\t\t\t\t\t\t<img loading=\"lazy\" decoding=\"async\" width=\"960\" height=\"960\" src=\"https:\/\/cieplaalpaka.pl\/wp-content\/uploads\/2025\/10\/peru-2758177_1280-1.jpg\" class=\"attachment-large size-large wp-image-248\" alt=\"Br\u0105zowa alpaka\" srcset=\"https:\/\/cieplaalpaka.pl\/wp-content\/uploads\/2025\/10\/peru-2758177_1280-1.jpg 960w, https:\/\/cieplaalpaka.pl\/wp-content\/uploads\/2025\/10\/peru-2758177_1280-1-300x300.jpg 300w, https:\/\/cieplaalpaka.pl\/wp-content\/uploads\/2025\/10\/peru-2758177_1280-1-100x100.jpg 100w, https:\/\/cieplaalpaka.pl\/wp-content\/uploads\/2025\/10\/peru-2758177_1280-1-600x600.jpg 600w, https:\/\/cieplaalpaka.pl\/wp-content\/uploads\/2025\/10\/peru-2758177_1280-1-150x150.jpg 150w, https:\/\/cieplaalpaka.pl\/wp-content\/uploads\/2025\/10\/peru-2758177_1280-1-768x768.jpg 768w\" sizes=\"(max-width: 960px) 100vw, 960px\" \/>\t\t\t\t\t\t\t\t\t\t\t\t\t\t\t<\/div>\n\t\t\t\t<div class=\"elementor-element elementor-element-07e755d elementor-widget elementor-widget-text-editor\" data-id=\"07e755d\" data-element_type=\"widget\" data-e-type=\"widget\" data-widget_type=\"text-editor.default\">\n\t\t\t\t\t\t\t\t\t<h4>Bez syntetyk\u00f3w, bez kompromis\u00f3w<\/h4>\n<p>Wybieraj\u0105c naturaln\u0105 we\u0142n\u0119, rezygnujesz z plastiku i sztucznych w\u0142\u00f3kien. Dajesz swojej sk\u00f3rze i naturze to, co najlepsze.<\/p>\t\t\t\t\t\t\t\t<\/div>\n\t\t\t\t\t<\/div>\n\t\t\t\t<\/div>\n\t\t\t\t<\/div>\n\t\t","protected":false},"excerpt":{"rendered":"<p>Witaj w \u015bwiecie naturalnej we\u0142ny. Ciep\u0142a Alpaka to miejsce, w kt\u00f3rym powstaj\u0105 wyj\u0105tkowe, r\u0119cznie dziergane produkty z naturalnych w\u0142\u00f3kien &#8211; alpaki, merynosa, we\u0142ny peruwia\u0144skiej. Ka\u017cdy sweter, czapka czy para skarpetek tworzona jest z dba\u0142o\u015bci\u0105 o szczeg\u00f3\u0142y, z my\u015bl\u0105 o komforcie, cieple i trwa\u0142o\u015bci, kt\u00f3re zostaj\u0105 z Tob\u0105 na d\u0142ugo. Wierz\u0119, \u017ce r\u0119kodzie\u0142o ma dusz\u0119, a&#8230;<\/p>\n","protected":false},"author":1,"featured_media":0,"parent":0,"menu_order":0,"comment_status":"closed","ping_status":"closed","template":"","meta":{"_kad_post_transparent":"","_kad_post_title":"","_kad_post_layout":"","_kad_post_sidebar_id":"","_kad_post_content_style":"","_kad_post_vertical_padding":"","_kad_post_feature":"","_kad_post_feature_position":"","_kad_post_header":false,"_kad_post_footer":false,"_kad_post_classname":"","footnotes":""},"class_list":["post-61","page","type-page","status-publish","hentry"],"_links":{"self":[{"href":"https:\/\/cieplaalpaka.pl\/index.php?rest_route=\/wp\/v2\/pages\/61","targetHints":{"allow":["GET"]}}],"collection":[{"href":"https:\/\/cieplaalpaka.pl\/index.php?rest_route=\/wp\/v2\/pages"}],"about":[{"href":"https:\/\/cieplaalpaka.pl\/index.php?rest_route=\/wp\/v2\/types\/page"}],"author":[{"embeddable":true,"href":"https:\/\/cieplaalpaka.pl\/index.php?rest_route=\/wp\/v2\/users\/1"}],"replies":[{"embeddable":true,"href":"https:\/\/cieplaalpaka.pl\/index.php?rest_route=%2Fwp%2Fv2%2Fcomments&post=61"}],"version-history":[{"count":102,"href":"https:\/\/cieplaalpaka.pl\/index.php?rest_route=\/wp\/v2\/pages\/61\/revisions"}],"predecessor-version":[{"id":265,"href":"https:\/\/cieplaalpaka.pl\/index.php?rest_route=\/wp\/v2\/pages\/61\/revisions\/265"}],"wp:attachment":[{"href":"https:\/\/cieplaalpaka.pl\/index.php?rest_route=%2Fwp%2Fv2%2Fmedia&parent=61"}],"curies":[{"name":"wp","href":"https:\/\/api.w.org\/{rel}","templated":true}]}}