{"id":525,"date":"2026-03-30T11:24:13","date_gmt":"2026-03-30T09:24:13","guid":{"rendered":"https:\/\/cieplaalpaka.pl\/?page_id=525"},"modified":"2026-03-30T11:28:02","modified_gmt":"2026-03-30T09:28:02","slug":"elementor-525","status":"publish","type":"page","link":"https:\/\/cieplaalpaka.pl\/?page_id=525","title":{"rendered":"Polityka zwrot\u00f3w &#8211; Ciep\u0142a Alpaka"},"content":{"rendered":"\t\t<div data-elementor-type=\"wp-page\" data-elementor-id=\"525\" class=\"elementor elementor-525\">\n\t\t\t\t<div class=\"elementor-element elementor-element-80ecf7c e-flex e-con-boxed e-con e-parent\" data-id=\"80ecf7c\" data-element_type=\"container\" data-e-type=\"container\">\n\t\t\t\t\t<div class=\"e-con-inner\">\n\t\t\t\t<div class=\"elementor-element elementor-element-346c279 elementor-widget elementor-widget-text-editor\" data-id=\"346c279\" data-element_type=\"widget\" data-e-type=\"widget\" data-widget_type=\"text-editor.default\">\n\t\t\t\t\t\t\t\t\t<h1 data-section-id=\"1k4qt97\" data-start=\"628\" data-end=\"665\">Polityka zwrot\u00f3w \u2013 Ciep\u0142a Alpaka<\/h1><h2 data-section-id=\"1232zi3\" data-start=\"667\" data-end=\"688\">1. Prawo do zwrotu<\/h2><p data-start=\"690\" data-end=\"810\">Je\u015bli jeste\u015b konsumentem, masz prawo odst\u0105pi\u0107 od umowy w ci\u0105gu <strong data-start=\"753\" data-end=\"786\">14 dni od otrzymania produktu<\/strong>, bez podania przyczyny.<\/p><h2 data-section-id=\"4b5fm8\" data-start=\"817\" data-end=\"842\">2. Jak dokona\u0107 zwrotu?<\/h2><p data-start=\"844\" data-end=\"863\">Aby dokona\u0107 zwrotu:<\/p><ol data-start=\"865\" data-end=\"994\"><li data-section-id=\"1x18ksd\" data-start=\"865\" data-end=\"925\">Napisz wiadomo\u015b\u0107 na adres:<br data-start=\"894\" data-end=\"897\" \/><a class=\"decorated-link cursor-pointer\" rel=\"noopener\" data-start=\"900\" data-end=\"923\">kontakt@cieplaalpaka.pl<\/a><\/li><li data-section-id=\"11ouloy\" data-start=\"927\" data-end=\"994\">Ode\u015blij produkt na adres:<br data-start=\"955\" data-end=\"958\" \/>\u00a0Bagatelka 6\/1, 62-320 Bagatelka<\/li><\/ol><h2 data-section-id=\"73snys\" data-start=\"1001\" data-end=\"1021\">3. Warunki zwrotu<\/h2><p data-start=\"1023\" data-end=\"1055\">Zwracany produkt powinien by\u0107:<\/p><ul data-start=\"1056\" data-end=\"1157\"><li data-section-id=\"13jrtu1\" data-start=\"1056\" data-end=\"1081\">w stanie nieu\u017cywanym,<\/li><li data-section-id=\"1v2kl3z\" data-start=\"1082\" data-end=\"1109\">bez \u015blad\u00f3w u\u017cytkowania,<\/li><li data-section-id=\"1gl9pn0\" data-start=\"1110\" data-end=\"1157\">odpowiednio zabezpieczony na czas transportu.<\/li><\/ul><h2 data-section-id=\"ynl5uf\" data-start=\"1164\" data-end=\"1182\">4. Koszt zwrotu<\/h2><p data-start=\"1184\" data-end=\"1225\">Koszt odes\u0142ania produktu ponosi Kupuj\u0105cy.<\/p><h2 data-section-id=\"p2ud13\" data-start=\"1232\" data-end=\"1251\">5. Zwrot \u015brodk\u00f3w<\/h2><p data-start=\"1253\" data-end=\"1357\">Zwrot pieni\u0119dzy nast\u0119puje w ci\u0105gu maksymalnie <strong data-start=\"1299\" data-end=\"1330\">14 dni od otrzymania zwrotu<\/strong> (lub dowodu jego nadania).<\/p><p data-start=\"1359\" data-end=\"1430\">\u015arodki zwracane s\u0105 t\u0105 sam\u0105 metod\u0105 p\u0142atno\u015bci, jakiej u\u017cyto przy zakupie.<\/p><h2 data-section-id=\"xpuqkl\" data-start=\"1437\" data-end=\"1466\">6. Wyj\u0105tki od prawa zwrotu<\/h2><p data-start=\"1468\" data-end=\"1519\">Prawo zwrotu nie przys\u0142uguje w przypadku produkt\u00f3w:<\/p><ul data-start=\"1521\" data-end=\"1677\"><li data-section-id=\"x25ahs\" data-start=\"1521\" data-end=\"1552\">wykonywanych na zam\u00f3wienie,<\/li><li data-section-id=\"1ovkoo3\" data-start=\"1553\" data-end=\"1605\">personalizowanych (np. rozmiar, kolor, projekt),<\/li><li data-section-id=\"1vueftg\" data-start=\"1606\" data-end=\"1677\">kt\u00f3re ze wzgl\u0119d\u00f3w higienicznych nie nadaj\u0105 si\u0119 do zwrotu po otwarciu.<\/li><\/ul><h2 data-section-id=\"y3rfe5\" data-start=\"1684\" data-end=\"1700\">7. Reklamacje<\/h2><p data-start=\"1702\" data-end=\"1803\">Je\u015bli produkt posiada wad\u0119, mo\u017cesz z\u0142o\u017cy\u0107 reklamacj\u0119, kontaktuj\u0105c si\u0119:<br data-start=\"1772\" data-end=\"1775\" \/><a class=\"decorated-link cursor-pointer\" rel=\"noopener\" data-start=\"1778\" data-end=\"1801\">kontakt@cieplaalpaka.pl<\/a><\/p><p data-start=\"1810\" data-end=\"1930\">\ud83d\udc9b Ka\u017cdy produkt Ciep\u0142ej Alpaki powstaje r\u0119cznie \u2013 dlatego zale\u017cy nam, aby trafia\u0142 do os\u00f3b, kt\u00f3re naprawd\u0119 go pokochaj\u0105.<\/p>\t\t\t\t\t\t\t\t<\/div>\n\t\t\t\t\t<\/div>\n\t\t\t\t<\/div>\n\t\t\t\t<\/div>\n\t\t","protected":false},"excerpt":{"rendered":"","protected":false},"author":1,"featured_media":0,"parent":0,"menu_order":0,"comment_status":"closed","ping_status":"closed","template":"","meta":{"_kad_post_transparent":"","_kad_post_title":"hide","_kad_post_layout":"fullwidth","_kad_post_sidebar_id":"","_kad_post_content_style":"unboxed","_kad_post_vertical_padding":"hide","_kad_post_feature":"hide","_kad_post_feature_position":"","_kad_post_header":false,"_kad_post_footer":false,"_kad_post_classname":"","footnotes":""},"class_list":["post-525","page","type-page","status-publish","hentry"],"_links":{"self":[{"href":"https:\/\/cieplaalpaka.pl\/index.php?rest_route=\/wp\/v2\/pages\/525","targetHints":{"allow":["GET"]}}],"collection":[{"href":"https:\/\/cieplaalpaka.pl\/index.php?rest_route=\/wp\/v2\/pages"}],"about":[{"href":"https:\/\/cieplaalpaka.pl\/index.php?rest_route=\/wp\/v2\/types\/page"}],"author":[{"embeddable":true,"href":"https:\/\/cieplaalpaka.pl\/index.php?rest_route=\/wp\/v2\/users\/1"}],"replies":[{"embeddable":true,"href":"https:\/\/cieplaalpaka.pl\/index.php?rest_route=%2Fwp%2Fv2%2Fcomments&post=525"}],"version-history":[{"count":5,"href":"https:\/\/cieplaalpaka.pl\/index.php?rest_route=\/wp\/v2\/pages\/525\/revisions"}],"predecessor-version":[{"id":530,"href":"https:\/\/cieplaalpaka.pl\/index.php?rest_route=\/wp\/v2\/pages\/525\/revisions\/530"}],"wp:attachment":[{"href":"https:\/\/cieplaalpaka.pl\/index.php?rest_route=%2Fwp%2Fv2%2Fmedia&parent=525"}],"curies":[{"name":"wp","href":"https:\/\/api.w.org\/{rel}","templated":true}]}}